 - -80. Calculate the remainder when v is divided by 18.
15
Suppose s + 35 = 5*g - 3*s, 3*s = -3*g - 6. Suppose -g*z + 4*j = -13 - 24, 38 = 2*z + 4*j. What is the remainder when z is divided by 4?
3
Suppose 4 = m + w, -w - 2*w + 18 = 5*m. Let k = -2 + m. Suppose 3 = y + k. What is the remainder when y is divided by 2?
0
Let z = 8 + -5. Suppose 4*a = -d - a + 15, -z*a = 2*d - 9. Suppose -p = 4*s + 7, 5*s + 4 + 6 = d. Calculate the remainder when p is divided by 1.
0
Suppose -19*g + 16*g = -57. Calculate the remainder when g is divided by 4.
3
Let l be -3 - (-3 + 3 - 157). Suppose -4*y = -5*w + l, -4*w - 5*y + 88 = -2*w. Let t = -16 - -28. What is the remainder when w is divided by t?
10
Let n(o) = o**3 - 21*o**2 - 20*o - 13. What is the remainder when 53 is divided by n(22)?
22
Let c(h) = -2*h**3 - 3*h**2 - 3*h + 2. What is the remainder when 45 is divided by c(-2)?
9
Suppose 5*y + 5*g - 75 = 0, -y = -2*y + 4*g + 30. Suppose 4*d - 71 = 133. Calculate the remainder when d is divided by y.
15
Let w = 2 - -13. Let y = 31 + 26. What is the remainder when y is divided by w?
12
Let g = 33 + -17. Calculate the remainder when 59 is divided by g.
11
Let v(t) = 17*t - 1. Let d = 12 + -6. What is the remainder when v(1) is divided by d?
4
Let x be (-1)/(4/(-8)) + -12. Let h = -16 - -36. Let i = h + x. What is the remainder when 28 is divided by i?
8
Let g = 4 + -38. Let q = 85 + -146. Let d = g - q. Calculate the remainder when d is divided by 14.
13
Suppose -10 - 2 = -3*q. Calculate the remainder when 63/2*q/6 is divided by 8.
5
Suppose -8*n + 283 = 35. What is the remainder when 150 is divided by n?
26
Suppose 40*m - 37*m = 96. Calculate the remainder when m is divided by 14/(-8)*8/(-2).
4
Let y(j) be the first derivative of j**4/4 + j**3/3 - 3*j + 1. Let g be y(0). What is the remainder when 5 is divided by (g/3)/(1/(-3))?
2
Let x = 40 + 1. Calculate the remainder when 81 is divided by x.
40
Let n(i) = -i**3 - 3*i**2 - 4*i + 7. What is the remainder when n(-5) is divided by 20?
17
Let u(k) = k**2 + k. Let r be u(-6). Let h = -14 + 16. Let a = r + h. What is the remainder when a is divided by 11?
10
Let j = -8 - -16. Suppose -4*w = -0 - j. Let i = -62 - -67. What is the remainder when i is divided by w?
1
What is the remainder when 3 + 0 - (7 - 50) is divided by 24?
22
Let u(k) = k**3 - 3*k**2 - 4*k + 4. Let w be u(4). Suppose -2*r = 5*l - 120, w*l - 3*r - 114 = -r. What is the remainder when l is divided by 9?
8
What is the remainder when (-31)/((-2 - (-9)/4)/(-1)) is divided by 42?
40
Let a(z) = 15*z - 2. Let b be a(2). Let p = -41 + b. Let w = p - -20. Calculate the remainder when 19 is divided by w.
5
Let v be 78/65*(-5 + 0). What is the remainder when 40 is divided by -1*35*v/15?
12
Let j(t) = 3*t - 2. Let m(k) = -3*k - 7. What is the remainder when m(-12) is divided by j(4)?
9
Suppose c - 36 = 26. Suppose 2*y - 4*i + 2*i = -32, 0 = 4*i. What is the remainder when c is divided by y/(-24)*63/2?
20
Suppose 3*n - 6*n + k + 54 = 0, n - 5*k = 32. Suppose u = -u + 12. What is the remainder when n is divided by u?
5
Let u be (1 - 0) + 6 - 1. Let y = -2 + u. What is the remainder when 9 is divided by y?
1
Let o = 6 - -6. Let m = 122 + -77. Calculate the remainder when m is divided by o.
9
Let c = -10 + 27. Let v = 22 - 8. Suppose -5*z = 4*d - v, 2*d + 0*z - z = 14. What is the remainder when c is divided by d?
5
Let a = 151 + -89. Calculate the remainder when a is divided by 16.
14
Suppose 2*j + 11 = y - 0*y, -4*j + 33 = 3*y. Let c(h) = -h**2 - h + 4. Let m be c(-3). Let b = 23 + m. Calculate the remainder when b is divided by y.
10
Let w = -26 + 37. Let j(a) be the first derivative of a**3/3 - 5*a**2/2 - 6*a + 2. What is the remainder when j(-4) is divided by w?
8
Suppose i + 4 = 2*c - 17, -3*c + 5*i + 14 = 0. Let q = -1 + c. What is the remainder when q is divided by 5?
2
Let d(a) = -7*a - 7. Let m be d(-5). Suppose 5*f - 24 = -2*n + n, m = 4*n + 3*f. Calculate the remainder when 7 is divided by n.
3
Suppose -5*k + 37 = -3*f, -k - f = 2*f + 7. Calculate the remainder when 6*2/3*3 is divided by k.
2
Let h(k) = k - 9. Let j be h(7). Let d be ((-1)/j)/(2/28). What is the remainder when 20 is divided by d/(-4)*-4*1?
6
Suppose 2*o - 74 = 3*v, v + 0*v = 2*o - 82. Calculate the remainder when 128 is divided by o.
42
Calculate the remainder when 7 is divided by 2 + 6/(-1 + 4).
3
Let t = -6 + 6. Suppose 3*w + t*w = -4*d + 57, 4*d = -w + 27. What is the remainder when 43 is divided by w?
13
Let i = -146 - -154. Let n = -214 - -357. Suppose a - 3*a = 5*r - n, -2*r - 3*a + 55 = 0. Calculate the remainder when r is divided by i.
5
Let z be (-4)/16 - (-106)/8. Let t = z + -2. What is the remainder when t is divided by (-3 + 0)*8/(-6)?
3
Let q(a) = a**3 - 2*a**2 - 8. Calculate the remainder when q(4) is divided by (-2)/(-7) + 122/14.
6
Let t = -10 - -18. Suppose -d + 8 = d - 4*v, -2*d + 5*v + t = 0. Suppose d*a = 164 - 52. What is the remainder when a is divided by 15?
13
What is the remainder when 33 is divided by 47*1/5 + (-36)/(-60)?
3
Suppose y + 1 - 6 = 0. Suppose 0 = -y*l + 2*l + 81. Calculate the remainder when l is divided by 15.
12
Let i = 6 + -3. Suppose -o = r, -i*o + 3*r = 5*r - 2. Suppose -o*j + 5*j = 51. What is the remainder when j is divided by 6?
5
Suppose 4*f + 53 - 141 = -2*x, -4*x = -3*f + 66. Calculate the remainder when f is divided by 8.
6
Let w(x) = -6*x + 161. Calculate the remainder when w(25) is divided by (8/10)/((-1)/(-5)).
3
What is the remainder when (-30)/(-45) - 295/(-3) is divided by 25?
24
Let u = -48 - -73. Let a(d) = 17*d**2 - 4*d - 3. Calculate the remainder when a(-2) is divided by u.
23
Suppose 13 = 3*w - 14. What is the remainder when 44 is divided by w?
8
Suppose 2*r + 1 = 2*a - a, 2*r = 3*a - 7. Let s(w) = w**3 + 4*w**2 + 3*w + 1. Calculate the remainder when r is divided by s(-3).
0
Suppose -k = 2*k - 6. Let s(a) = -a**2 + a + 1. Let p be s(1). Let i = k - p. What is the remainder when 2 is divided by i?
0
Suppose 5*b - 93 = -2*r + 38, -4*b = r - 106. What is the remainder when 105 is divided by b?
24
What is the remainder when 6/(-15) + (-2848)/(-20) is divided by 48?
46
Let u = -4 + 16. Let r(x) = 1. Let o(g) = -2*g**3 - 7*g**2 - 5*g - 8. Let h(j) = o(j) + 6*r(j). Calculate the remainder when h(-4) is divided by u.
10
Let c(f) = -35*f. What is the remainder when c(-1) is divided by ((-12)/(-3) - 6) + 14?
11
Suppose -2*j = -3*o - 3*j + 22, -5*o + 38 = 2*j. What is the remainder when 11 is divided by o?
5
Let z(k) = 2*k - 4. Let w = 12 + -5. What is the remainder when z(11) is divided by w?
4
Suppose -2*l = -2*j, -4*j - 1 = -l + 5. Suppose -x = g - 2*g - 58, 4*g = -4. What is the remainder when x is divided by ((-2)/4)/(l/60)?
12
Suppose -4*t - 5*n - 1 = 0, -38 = -2*t + 5*n - 1. Let z = -19 + 7. Let o(u) = -u + 4. What is the remainder when o(z) is divided by t?
4
Let u = 34 + -17. Calculate the remainder when u is divided by 10.
7
Suppose -2 = -4*k + 2. What is the remainder when 10 is divided by -1 + k + 4 + -1?
1
Let t be 0/2 - (35 + -3). Calculate the remainder when 21 is divided by ((-4)/8)/(2/t).
5
Let z = 11 + -1. What is the remainder when z is divided by 6?
4
Suppose 5*h - 4*h - 5 = 0. Suppose -3 - 2 = -2*c - 5*y, h*c - 55 = -4*y. What is the remainder when 43 is divided by c?
13
Let v be 14/8 + (-10)/(-40). Suppose -2*y + 21 = -3*c - v*c, 0 = -3*y + c + 12. What is the remainder when 4 is divided by y?
1
Let q = -127 - -167. Suppose -3 + 1 = d, -4*x + 18 = -d. What is the remainder when q is divided by 54/x - 2/(-4)?
12
Suppose -v - 114 = -4*v - s, -2*s + 154 = 4*v. Let d = v + -22. Let p = 59 + -30. What is the remainder when p is divided by d?
14
Let l(u) = 6*u**3 - 2*u**2 + 2*u - 1. Calculate the remainder when 4/16 - 6*(-50)/16 is divided by l(1).
4
Suppose 4*k - 4*o - 85 = -13, 12 = -k - 5*o. Let i(n) = -13*n + 1. Let c be i(-1). Calculate the remainder when k is divided by c/(2*1)*1.
6
Suppose -p = -2 + 12. What is the remainder when (-268)/p*40/16 is divided by 14?
11
Suppose 20 = 3*o + 2*y, 0 = -3*o - y + 4*y. Suppose z = -5*j + 20, -11 = o*z - 5*j - 41. Calculate the remainder when z is divided by ((-4)/6)/(2/(-12)).
2
What is the remainder when (4/(-6))/((-6)/99) is divided by 4?
3
Suppose 1 = -f + 7.